he remainder when a is divided by 17?
15
Let q = -337 + 491. Calculate the remainder when q is divided by 31.
30
Let j(f) = -f**2 - 5*f - 6. Let n be j(-4). Let o(m) = -4*m - 3. What is the remainder when (-1)/(-3) + 52/6 is divided by o(n)?
4
Suppose 73 = 3*x - 4*w, -121 = -5*x + 2*w - 4. What is the remainder when x is divided by (15 - 2)*(-1)/(-1)?
10
Let h(k) = -k + 46. What is the remainder when h(7) is divided by 6?
3
Suppose 13 = 3*d - 44. Suppose 5*g = -h + 119, -2*h = 4*g - 75 - d. What is the remainder when g is divided by ((-4)/6)/(6/(-117))?
11
Let c(a) = -a**3 - 18*a**2 + 17*a + 44. What is the remainder when c(-19) is divided by 43?
39
Let m = 11 - 9. Suppose -13 = -5*t + m. Let i(a) = a**2 - a + 7. Calculate the remainder when i(0) is divided by t.
1
Suppose 3*u = 3*d + 21, 3*d - 19 + 0 = -u. Let y = 50 - 19. Suppose 3*r - y - 26 = 0. What is the remainder when r is divided by u?
9
Let p(y) = 10*y + 1. Let l be p(1). Let v = l - 10. Let q = -1 + 3. What is the remainder when q is divided by v?
0
Let l(h) = 2*h + 14. What is the remainder when l(-2) is divided by 5?
0
Let c = 35 - 23. Suppose 5*h - 60 = -3*g + 130, 2*h - 95 = -5*g. Suppose -4*y - h = -175. Calculate the remainder when y is divided by c.
11
Let s = -5 - -14. Calculate the remainder when 24 is divided by s.
6
Suppose 10*z = 15*z - 70. Calculate the remainder when 41 is divided by z.
13
Let r = 22 - -25. Let n(b) = b**3 + 4*b**2 - b - 1. Let p be n(-5). Let d = -5 - p. Calculate the remainder when r is divided by d.
15
Let n(f) = 18*f**2 + 5*f - 5. Calculate the remainder when 53 is divided by n(1).
17
Let r be (-8)/(-20) - (-62)/(-5). Let v = 21 + -14. What is the remainder when (-148)/r + (-2)/6 is divided by v?
5
Let m be 0 - ((-3)/(-3) + -4). Let k = m + -1. Suppose 82 = 4*o + k. Calculate the remainder when 39 is divided by o.
19
Let z(s) = 11*s + 18. What is the remainder when z(4) is divided by 21?
20
Let k = 54 - -29. What is the remainder when k is divided by 21?
20
Suppose 4*s - 2*b = 3*b + 235, -5*s - 5*b + 305 = 0. Let d be (1 - 1)/(3 - 2). Suppose d = 5*h - h - s. What is the remainder when h is divided by 8?
7
Suppose -8 = -l - 3*g, -8 = -2*l + g + g. Suppose 13*d - 9*d - 52 = 0. What is the remainder when d is divided by l?
3
Suppose 0*t + 51 = t. What is the remainder when t is divided by 26?
25
Suppose -12*v = -40 - 164. Calculate the remainder when v is divided by 11.
6
Let q(l) = l**3 - 5*l**2 + 3*l - 5. Calculate the remainder when 18 is divided by q(5).
8
Let m = 27 + -14. Calculate the remainder when 76 is divided by m.
11
Suppose -2*u = 4*c + u - 114, 3*u - 6 = 0. What is the remainder when c is divided by 16?
11
Let h(p) = p**3 + 6*p**2 - p + 7. Let o be h(-6). Calculate the remainder when 41 is divided by ((-4)/(-1))/(-2) + o.
8
Let a = 97 + -58. What is the remainder when a is divided by 8?
7
Calculate the remainder when ((-4 - -5) + 3)/(1/2) is divided by 7.
1
Suppose -2*v = -0*v - 12. Let j(s) = 2*s**2 - s - 4. Calculate the remainder when j(-3) is divided by v.
5
Let q = -9 + 17. Let j(g) = 11*g**3 + 2*g**2 + g. Let z be j(-1). Let y = 15 + z. Calculate the remainder when q is divided by y.
3
What is the remainder when 136/3*(-18)/24*-2 is divided by 12?
8
Let n = -158 + 223. Calculate the remainder when n is divided by 18.
11
Suppose -m = 3*m - 12. Suppose 4*u = -2*s + 22, -m*s + 2*u + 0 + 65 = 0. What is the remainder when s is divided by 10?
9
Let l = 28 + -7. Suppose 5*x + 5*t - 35 = 0, l = 2*x + x - 4*t. Calculate the remainder when x is divided by 3.
1
Let u be (-78)/(-21) + 2/7. Let h be 1/u - 94/(-8). Let y = 13 + h. Calculate the remainder when y is divided by 13.
12
Suppose -9 = -d - 0*d. Suppose -3*b + 76 = 2*n, -5*n + 223 - 7 = b. Suppose -3*i + n = -61. What is the remainder when i is divided by d?
8
Let c(y) = 4*y - 13. What is the remainder when 29 is divided by c(6)?
7
Let u be (-3 + -21)*1/(-2). Suppose -24 = -2*y + u. Let l(q) = 3*q**2 + 5*q + 5. Calculate the remainder when l(-4) is divided by y.
15
Calculate the remainder when 8 is divided by 51/18 + 2/12.
2
Calculate the remainder when (2/(-6))/(11/(-3531)) is divided by 27.
26
Suppose 3*g + 4*d = 5*g - 16, 24 = 3*g + 2*d. What is the remainder when g is divided by 5?
3
Let z = -4 - -4. Let u = 83 + -57. What is the remainder when u is divided by (-1 - (-10 - z)) + 0?
8
Suppose 0 = -13*d + 10 + 146. Calculate the remainder when 29 is divided by d.
5
Let h be (-8)/(-36)*-3*-87. Suppose 4*p + 54 = 4*m - h, m = -5*p + 22. What is the remainder when m is divided by 15?
12
Suppose q - 5*q = -184. Calculate the remainder when q is divided by 12.
10
Let m(b) = -b + 10. Calculate the remainder when 22 is divided by m(4).
4
Let r(o) = 4*o**2 - o. Let l be r(1). Let w(k) = -l*k**2 + 4*k**2 + k + 0*k**2 - 1 + 7. Calculate the remainder when w(0) is divided by 2.
0
Let i = 109 + -107. What is the remainder when 4/(-6)*(-30)/4 is divided by i?
1
Let k = 2 - 1. Let g = k + 2. Suppose -g*x - 5*f - 85 = -8*x, 64 = 2*x + 4*f. What is the remainder when x is divided by 12?
10
Suppose -s - 1 = -2*s. Let t be ((-3)/(-6) - s)*-10. Let z(r) = 2*r + 4. Calculate the remainder when 26 is divided by z(t).
12
Suppose 0 = 6*i - 4*i - 46. Calculate the remainder when i is divided by 7.
2
Let s(i) = 4*i - 1 - 2*i**2 - i**2 + 4*i**2. Let m be s(-5). Suppose -4 = -m*a - 0. Calculate the remainder when a is divided by 1.
0
Suppose 4*j - 11 - 30 = g, 0 = -j + 2*g + 19. Suppose 0 = -5*h + 3*u - 0*u + 136, 5*h - 132 = u. Calculate the remainder when h is divided by j.
8
What is the remainder when -12*((-10)/(-4))/(-5) is divided by (-2)/((-3)/3) + 2?
2
Let h be -3 - ((-6)/(-2))/(-1). What is the remainder when 29 + (-3 - -4) - 0 is divided by (h - 1) + 7 + 2?
6
Let q(s) = -s**3 - 13*s**2 - 11*s + 15. Let j be q(-12). Suppose 1 - 16 = -j*x. What is the remainder when 19 is divided by x?
4
Suppose -2*m - 2*m = -20. What is the remainder when 28 is divided by m/10 + (-19)/(-2)?
8
Let d = 2 + 1. Suppose -d*a - 5 + 17 = 0. What is the remainder when (-10)/(-20)*2*15 is divided by a?
3
Suppose w + 1 = -2. Let r be w/(-9)*(1 + -1). Suppose 3*n + r*n = -3*b + 33, 0 = -n + 4. What is the remainder when 13 is divided by b?
6
Let n(b) = -b**2 + 7*b - 8. What is the remainder when 26 is divided by n(4)?
2
Suppose 3*f - 6*f + 12 = 0. Suppose 4*m - m - 51 = -3*c, 25 = 2*m - c. What is the remainder when m is divided by f?
2
Let m = 3 - 1. Let i(k) = 5*k. Calculate the remainder when 29 is divided by i(m).
9
Let x(t) = t**3 - 14*t**2 + 18*t - 3. Let w be x(13). What is the remainder when 23 is divided by 8/(-20) - w/(-5)?
11
Let z(h) = h**3 - 3*h**2 + 3*h - 6. What is the remainder when z(4) is divided by 6?
4
Suppose -u + 19 = -0*u. Calculate the remainder when 54 is divided by u.
16
Suppose -3*p - 3*w - w + 4 = 0, -20 = -3*p + 4*w. Calculate the remainder when 12 is divided by p.
0
Suppose 3*z + 30 = 5*u, u = 5*z - 2*z - 6. Let s(q) = q**3 - 10*q**2 + 9*q + 6. Suppose 0 = -3*l - 19 + 64. What is the remainder when l is divided by s(u)?
3
Suppose 3*p + p - i = 10, 4*p + 4*i = 20. Suppose u = -5*h + 7, -p*u + h = u - 70. Calculate the remainder when u is divided by 6.
5
Suppose 2*a - 45 - 119 = 0. What is the remainder when a is divided by 7?
5
Let o be (-3)/(-15) - 18/(-10). Suppose -3*u - 22 = -7, -o*s + 24 = -4*u. Calculate the remainder when s is divided by 2.
0
Let k(w) = w**2 + 6*w + 14. Calculate the remainder when 11 is divided by k(-4).
5
Let i(a) = a**3 + 12*a**2 + 9. Suppose 5 + 1 = 3*w. Suppose 3*g + 5*s = 25, 0 = 5*g - 0*g - w*s - 21. Calculate the remainder when i(-12) is divided by g.
4
Let m be (2 - 4)/(6/(-9)). Suppose -2*t + 130 = -7*t - 5*i, m*t - 4*i = -85. What is the remainder when 23 is divided by ((-8)/(-6))/((-3)/t)?
11
Let w(s) = s + 4. Let p be w(-6). Suppose -3*x = 3*f - 12, 5*x + 0*f = -4*f + 23. Let g = p + x. Calculate the remainder when g is divided by 3.
2
Suppose -4*m - 3*v = -31, 31 = 5*m - 5*v + 1. Calculate the remainder when 82 is divided by m.
5
Let o = 132 - 78. What is the remainder when o is divided by 11?
10
Let y(t) = 2*t - 3. Let w be y(-2). Let k = w - -21. What is the remainder when k is divided by 5?
4
Suppose -129*o = -123*o - 84. What is the remainder when 25 is